s digit of 1591021826?
6
What is the hundreds digit of 81177071?
0
What is the thousands digit of 2719747765?
7
What is the ten millions digit of 22695557?
2
What is the ten thousands digit of 50483938?
8
What is the hundreds digit of 36745408?
4
What is the hundred thousands digit of 492092257?
0
What is the thousands digit of 1691796731?
6
What is the thousands digit of 3950940?
0
What is the ten thousands digit of 524334374?
3
What is the ten thousands digit of 97507895?
0
What is the tens digit of 45616068?
6
What is the hundred millions digit of 1387281249?
3
What is the hundreds digit of 257483253?
2
What is the hundreds digit of 1474285995?
9
What is the hundred thousands digit of 419758499?
7
What is the thousands digit of 2088031899?
1
What is the millions digit of 59432853?
9
What is the thousands digit of 2851766982?
6
What is the ten millions digit of 4392104491?
9
What is the hundreds digit of 106952083?
0
What is the millions digit of 605959390?
5
What is the thousands digit of 82515828?
5
What is the hundreds digit of 194409523?
5
What is the hundreds digit of 70845816?
8
What is the millions digit of 10236324?
0
What is the millions digit of 126762003?
6
What is the hundreds digit of 17163418?
4
What is the ten millions digit of 13149609?
1
What is the billions digit of 3615499505?
3
What is the hundred thousands digit of 61256961?
2
What is the hundred millions digit of 408944879?
4
What is the units digit of 2262866600?
0
What is the ten thousands digit of 2642839461?
3
What is the hundreds digit of 392498793?
7
What is the hundred millions digit of 4281052525?
2
What is the hundred thousands digit of 714682318?
6
What is the millions digit of 3378187344?
8
What is the hundreds digit of 2951591438?
4
What is the tens digit of 209535145?
4
What is the units digit of 4612785856?
6
What is the hundreds digit of 74426633?
6
What is the hundred thousands digit of 28851457?
8
What is the ten thousands digit of 628738303?
3
What is the tens digit of 972758215?
1
What is the hundred millions digit of 239954866?
2
What is the hundred thousands digit of 445812182?
8
What is the hundreds digit of 2260142850?
8
What is the hundred millions digit of 191841151?
1
What is the thousands digit of 27764589?
4
What is the hundreds digit of 2375352755?
7
What is the hundreds digit of 2681691896?
8
What is the units digit of 38461357?
7
What is the hundred thousands digit of 101315121?
3
What is the units digit of 42632277?
7
What is the thousands digit of 54220507?
0
What is the hundred millions digit of 671918507?
6
What is the hundreds digit of 72775623?
6
What is the millions digit of 919640859?
9
What is the hundreds digit of 73352024?
0
What is the millions digit of 1223509910?
3
What is the thousands digit of 321824841?
4
What is the hundred millions digit of 124773471?
1
What is the ten thousands digit of 121654616?
5
What is the millions digit of 19871261?
9
What is the millions digit of 3306168297?
6
What is the hundreds digit of 1040939886?
8
What is the billions digit of 1221665335?
1
What is the tens digit of 22949402?
0
What is the hundreds digit of 24508919?
9
What is the ten millions digit of 1031438371?
3
What is the hundred thousands digit of 37618486?
6
What is the thousands digit of 35247611?
7
What is the hundreds digit of 4501549304?
3
What is the hundred thousands digit of 29730072?
7
What is the ten thousands digit of 5132518156?
1
What is the hundreds digit of 1961055617?
6
What is the ten millions digit of 109990646?
0
What is the tens digit of 189406750?
5
What is the units digit of 375746653?
3
What is the units digit of 78154023?
3
What is the tens digit of 103755343?
4
What is the hundreds digit of 560092342?
3
What is the thousands digit of 321242492?
2
What is the ten millions digit of 58796014?
5
What is the thousands digit of 112655962?
5
What is the thousands digit of 1194784315?
4
What is the hundred thousands digit of 275359728?
3
What is the hundreds digit of 79852287?
2
What is the ten thousands digit of 1384467214?
6
What is the ten thousands digit of 1248327281?
2
What is the thousands digit of 376755192?
5
What is the thousands digit of 7262868781?
8
What is the tens digit of 1452322732?
3
What is the hundred millions digit of 7567852422?
5
What is the millions digit of 1197976316?
7
What is the hundred thousands digit of 7291233622?
2
What is the hundred millions digit of 176515883?
1
What is the hundreds digit of 1331345821?
8
What is the ten thousands digit of 72912037?
1
What is the hundred thousands digit of 3367871585?
8
What is the millions digit of 16750228?
6
What is the units digit of 159190813?
3
What is the thousands digit of 47948522?
8
What is the units digit of 45265371?
1
What is the units digit of 9878311?
1
What is the ten millions digit of 1701340574?
0
What is the hundreds digit of 68940690?
6
What is the thousands digit of 44914837?
4
What is the tens digit of 2749047789?
8
What is the tens digit of 1193460275?
7
What is the billions digit of 1197945063?
1
What is the millions digit of 1116790189?
6
What is the ten thousands digit of 76645647?
4
What is the ten millions digit of 52635140?
5
What is the hundreds digit of 1151544032?
0
What is the hundreds digit of 38692772?
7
What is the hundred thousands digit of 2417106944?
1
What is the hundreds digit of 4893511245?
2
What is the thousands digit of 287052233?
2
What is the units digit of 1279131416?
6
What is the hundred thousands digit of 34015473?
0
What is the ten millions digit of 11672802?
1
What is the units digit of 726068654?
4
What is the hundred millions digit of 2590526705?
5
What is the tens digit of 13166067?
6
What is the ten millions digit of 3842647670?
4
What is the tens digit of 362375290?
9
What is the hundred thousands digit of 279505271?
5
What is the millions digit of 5685685?
5
What is the millions digit of 21522131?
1
What is the ten millions digit of 168015067?
6
What is the tens digit of 5647296?
9
What is the hundred thousands digit of 2410068415?
0
What is the ten thousands digit of 91003991?
0
What is the hundred millions digit of 952071067?
9
What is the units digit of 322876656?
6
What is the ten thousands digit of 134050568?
5
What is the ten millions digit of 939036213?
3
What is the millions digit of 28088041?
8
What is the millions digit of 1179420055?
9
What is the hundreds digit of 239393638?
6
What is the units digit of 384775?
5
What is the hundred millions digit of 384770210?
3
What is the tens digit of 3059953606?
0
What is the millions digit of 44993516?
4
What is the tens digit of 113312275?
7
What is the ten thousands digit of 160789607?
8
What is the tens digit of 4378810516?
1
What is the thousands digit of 2045085835?
5
What is the billions digit of 3577876126?
3
What is the hundred thousands digit of 58308418?
3
What is the units digit of 75015719?
9
What is the hundred millions digit of 2632441766?
6
What is the ten thousands digit of 79789148?
8
What is the ten millions digit of 826890502?
2
What is the tens digit of 2111881630?
3
What is the hundreds digit of 1275034?
0
What is the ten millions digit of 77144525?
7
What is the hundred thousands digit of 45545811?
5
What is the ten millions digit of 149395372?
4
What is the tens digit of 504364435?
3
What is the hundreds digit of 661691686?
6
What is the units digit of 7333859558?
8
What is the ten thousands digit of 71878491?
7
What is the ten millions digit of 4401564980?
0
What is the millions digit of 1391349132?
1
What is the thousands digit of 4112419350?
9
What is the ten thousands digit of 46413215?
1
What is the hundred thousands digit of 36440283?
4
What is the hundreds digit of 3477325957?
9
What is the ten millions digit of 485829140?
8
What is the ten thousands digit of 3879739868?
3
What is the hundred millions digit of 1511969003?
5
What is the tens digit of 2076979512?
1
What is the units digit of 161795577?
7
What is the millions digit of 160617825?
0
What is the millions digit of 340055834?
0
What is the units digit of 504413946?
6
What is the hundreds digit of 1335865495?
4
What is the hundred thousands digit of 1056308954?
3
What is the ten thousands digit of 166802412?
0
What is the thousands digit of 374922